{"id":52,"date":"2022-01-13T03:20:31","date_gmt":"2022-01-13T03:20:31","guid":{"rendered":"https:\/\/talonzorch.de\/?page_id=52"},"modified":"2022-01-13T03:43:01","modified_gmt":"2022-01-13T03:43:01","slug":"dsa-%e2%80%a0-androklis-phoenizikas","status":"publish","type":"page","link":"https:\/\/talonzorch.de\/?page_id=52","title":{"rendered":"[DSA] \u2020 Androklis Ph\u00f6nizikas"},"content":{"rendered":"\n<h1 class=\"wp-block-heading\">Androklis Ph\u00f6nizikas<\/h1>\n\n\n\n<p>Ein Gladiator aus dem tiefen S\u00fcden, der durch merkw\u00fcrdige Begebenheiten Teil der Gezeichneten wurde.<\/p>\n\n\n\n<p>Erfahrungspunkte<\/p>\n\n\n\n<ul class=\"wp-block-list\"><li>Charaktererschaffung &#8212; 8410AP &#8212; 8410 AP<\/li><li>22.07.2020: Ende von Pforte des Grauens &#8211; 680 AP \/ 9090 AP<\/li><li>25.07.2021: Intermezzo am Hof der Kusmin-Galahans: +250 AP \/&nbsp;9340 AP<\/li><li><\/li><\/ul>\n\n\n\n<h2 class=\"wp-block-heading\">Ausgegebene Erfahrungspunkte<\/h2>\n\n\n\n<ul class=\"wp-block-list\"><li>Charaktererschaffung &#8211; 8409 \/ 8410 AP.<\/li><li><\/li><\/ul>\n\n\n\n<h2 class=\"wp-block-heading\">Besondere Erfahrungen<\/h2>\n\n\n\n<ul class=\"wp-block-list\"><li>Teil 6: Schatten im Zwielicht &#8211;&nbsp; Nahkampf (offen)<\/li><li>Teil 6: Schatten im Zwielicht &#8211;&nbsp; Sinnessch\u00e4rfe (offen)<\/li><li>Teil 6: Schatten im Zwielicht &#8211;&nbsp; Bet\u00f6ren (offen)<\/li><li><\/li><\/ul>\n\n\n\n<h2 class=\"wp-block-heading\">Besonderes Inventar<\/h2>\n\n\n\n<p>&lt;Hier&gt;<\/p>\n\n\n\n<h2 class=\"wp-block-heading\">Weiteres<\/h2>\n\n\n\n<ul class=\"wp-block-list\"><li>Weiteres<\/li><\/ul>\n\n\n\n<h2 class=\"wp-block-heading\">Start- und Maximalattribute<\/h2>\n\n\n\n<figure class=\"wp-block-table\"><table><tbody><tr><td><strong>Attribut<\/strong><\/td><td><strong>Start<\/strong><\/td><td><strong>Maximal<\/strong><\/td><td><strong>Aktuell<\/strong><\/td><\/tr><tr><td>Mut<\/td><td>14<\/td><td>21<\/td><td>14<\/td><\/tr><tr><td>Klugheit<\/td><td>10<\/td><td>15<\/td><td>9<\/td><\/tr><tr><td>Intuition<\/td><td>13<\/td><td>19<\/td><td>16<\/td><\/tr><tr><td>Charisma<\/td><td>14<\/td><td>21<\/td><td>12<\/td><\/tr><tr><td>Fingerfertigkeit<\/td><td>13<\/td><td>19<\/td><td>14<\/td><\/tr><tr><td>Geschicklichkeit<\/td><td>15<\/td><td>22<\/td><td>18<\/td><\/tr><tr><td>Konstitution<\/td><td>13<\/td><td>19<\/td><td>16<\/td><\/tr><tr><td>K\u00f6rperkraft<\/td><td>15<\/td><td>22<\/td><td>13<\/td><\/tr><\/tbody><\/table><\/figure>\n","protected":false},"excerpt":{"rendered":"<p>Androklis Ph\u00f6nizikas Ein Gladiator aus dem tiefen S\u00fcden, der durch merkw\u00fcrdige Begebenheiten Teil der Gezeichneten wurde. Erfahrungspunkte Charaktererschaffung &#8212; 8410AP &#8212; 8410 AP 22.07.2020: Ende von Pforte des Grauens &#8211; 680 AP \/ 9090 AP 25.07.2021: Intermezzo am Hof der Kusmin-Galahans: +250 AP \/&nbsp;9340 AP Ausgegebene Erfahrungspunkte Charaktererschaffung &#8211; 8409 \/ 8410 AP. Besondere Erfahrungen [&hellip;]<\/p>\n","protected":false},"author":1,"featured_media":0,"parent":50,"menu_order":0,"comment_status":"closed","ping_status":"closed","template":"","meta":{"footnotes":""},"class_list":["post-52","page","type-page","status-publish","hentry","post-preview"],"_links":{"self":[{"href":"https:\/\/talonzorch.de\/index.php?rest_route=\/wp\/v2\/pages\/52","targetHints":{"allow":["GET"]}}],"collection":[{"href":"https:\/\/talonzorch.de\/index.php?rest_route=\/wp\/v2\/pages"}],"about":[{"href":"https:\/\/talonzorch.de\/index.php?rest_route=\/wp\/v2\/types\/page"}],"author":[{"embeddable":true,"href":"https:\/\/talonzorch.de\/index.php?rest_route=\/wp\/v2\/users\/1"}],"replies":[{"embeddable":true,"href":"https:\/\/talonzorch.de\/index.php?rest_route=%2Fwp%2Fv2%2Fcomments&post=52"}],"version-history":[{"count":2,"href":"https:\/\/talonzorch.de\/index.php?rest_route=\/wp\/v2\/pages\/52\/revisions"}],"predecessor-version":[{"id":111,"href":"https:\/\/talonzorch.de\/index.php?rest_route=\/wp\/v2\/pages\/52\/revisions\/111"}],"up":[{"embeddable":true,"href":"https:\/\/talonzorch.de\/index.php?rest_route=\/wp\/v2\/pages\/50"}],"wp:attachment":[{"href":"https:\/\/talonzorch.de\/index.php?rest_route=%2Fwp%2Fv2%2Fmedia&parent=52"}],"curies":[{"name":"wp","href":"https:\/\/api.w.org\/{rel}","templated":true}]}}